{"id":73,"date":"2014-05-18T14:22:37","date_gmt":"2014-05-18T14:22:37","guid":{"rendered":"http:\/\/www.pacientesatm.com\/?page_id=73"},"modified":"2019-04-19T20:02:17","modified_gmt":"2019-04-19T20:02:17","slug":"quieres-ser-voluntario","status":"publish","type":"page","link":"https:\/\/www.pacientesatm.com\/?page_id=73","title":{"rendered":"Motivaci\u00f3n"},"content":{"rendered":"<h2 style=\"text-align: center;\">\u00bfQui\u00e9nes nos inspiran para seguir luchando por los dem\u00e1s?<\/h2>\n<h2 style=\"text-align: center;\">La pregunta no es por qu\u00e9 te ha pasado esto, sino PARA QU\u00c9?<\/h2>\n<table>\n<tbody>\n<tr>\n<td style=\"width: 150px;\"><img loading=\"lazy\" decoding=\"async\" class=\"alignnone wp-image-74\" src=\"http:\/\/www.pacientesatm.com\/wp-content\/uploads\/2014\/05\/Stephen-Hawking.png\" alt=\"Stephen-Hawking\" width=\"150\" height=\"150\" srcset=\"https:\/\/www.pacientesatm.com\/wp-content\/uploads\/2014\/05\/Stephen-Hawking.png 250w, https:\/\/www.pacientesatm.com\/wp-content\/uploads\/2014\/05\/Stephen-Hawking-150x150.png 150w, https:\/\/www.pacientesatm.com\/wp-content\/uploads\/2014\/05\/Stephen-Hawking-100x100.png 100w, https:\/\/www.pacientesatm.com\/wp-content\/uploads\/2014\/05\/Stephen-Hawking-200x200.png 200w\" sizes=\"auto, (max-width: 150px) 100vw, 150px\" \/><\/td>\n<td style=\"vertical-align: top;\"><strong>Stephen Hawking<\/strong>\u00a0fue un f\u00edsico, cosm\u00f3logo y divulgador cient\u00edfico nacido en Oxford. Sus teor\u00edas cient\u00edficas han revolucionado la ciencia contempor\u00e1nea. Fue miembro de la Real Sociedad de Londres, la Academia Pontificia de las Ciencias y la Academia de las Ciencias de Estados Unidos. Hasta el a\u00f1o de su jubilaci\u00f3n (2009) fue titular de la C\u00e1tedra Lucasiana de Matem\u00e1ticas en Cambridge. Padeci\u00f3 una enfermedad motoneuronal degenerativa: Esclerosis Lateral Amiotr\u00f3fica (ELA). Su patolog\u00eda se agrav\u00f3 con el paso de los a\u00f1os, hasta dejarlo casi completamente paralizado. Hasta su fallecimiento en 2018 tuvo\u00a0una mente privilegiada para la evoluci\u00f3n de la humanidad.<\/td>\n<\/tr>\n<tr>\n<td><img loading=\"lazy\" decoding=\"async\" class=\"alignnone wp-image-75\" src=\"http:\/\/www.pacientesatm.com\/wp-content\/uploads\/2014\/05\/john_de_zulueta.png\" alt=\"john_de_zulueta\" width=\"150\" height=\"150\" srcset=\"https:\/\/www.pacientesatm.com\/wp-content\/uploads\/2014\/05\/john_de_zulueta.png 250w, https:\/\/www.pacientesatm.com\/wp-content\/uploads\/2014\/05\/john_de_zulueta-150x150.png 150w, https:\/\/www.pacientesatm.com\/wp-content\/uploads\/2014\/05\/john_de_zulueta-100x100.png 100w, https:\/\/www.pacientesatm.com\/wp-content\/uploads\/2014\/05\/john_de_zulueta-200x200.png 200w\" sizes=\"auto, (max-width: 150px) 100vw, 150px\" \/><\/td>\n<td style=\"vertical-align: top;\">\u00a0<strong>John de Zulueta<\/strong>\u00a0naci\u00f3 en Boston y es Licenciado en Historia Contempor\u00e1nea en la Universidad de Standford y MBA por la Escuela de Negocios de la Universidad de Columbia. Durante 18 a\u00f1os fue el m\u00e1ximo ejecutivo de Sanitas y actualmente es Presidente de USP Hospitales y socio director en Point Lobo. John de Zulueta padece una patolog\u00eda que no le ha impedido desarrollar perfectamente su carrera profesional con un gran esfuerzo mental y f\u00edsico.<\/td>\n<\/tr>\n<tr>\n<td><img loading=\"lazy\" decoding=\"async\" class=\"alignnone wp-image-77\" src=\"http:\/\/www.pacientesatm.com\/wp-content\/uploads\/2014\/05\/juan_padilla.png\" alt=\"juan_padilla\" width=\"150\" height=\"150\" srcset=\"https:\/\/www.pacientesatm.com\/wp-content\/uploads\/2014\/05\/juan_padilla.png 250w, https:\/\/www.pacientesatm.com\/wp-content\/uploads\/2014\/05\/juan_padilla-150x150.png 150w, https:\/\/www.pacientesatm.com\/wp-content\/uploads\/2014\/05\/juan_padilla-100x100.png 100w, https:\/\/www.pacientesatm.com\/wp-content\/uploads\/2014\/05\/juan_padilla-200x200.png 200w\" sizes=\"auto, (max-width: 150px) 100vw, 150px\" \/><\/td>\n<td style=\"vertical-align: top;\">\u00a0<strong>Juan Jos\u00e9 Padilla<\/strong>\u00a0es un torero jerezano nacido en 1973 conocido como \u00abEl cicl\u00f3n de Jerez\u00bb por su destreza y agilidad en el ruedo. En octubre del a\u00f1o 2011, Padilla sufre una grave cogida en la cara que afecta a su ojo izquierdo y provoca graves lesiones en su rostro. Dispuesto a seguir luchando, regres\u00f3 al mundo del toreo en marzo del 2012. Un ejemplo de fortaleza y tes\u00f3n con acompa\u00f1ado de una gran humildad.<\/td>\n<\/tr>\n<tr>\n<td><img loading=\"lazy\" decoding=\"async\" class=\"alignnone wp-image-78\" src=\"http:\/\/www.pacientesatm.com\/wp-content\/uploads\/2014\/05\/irenevilla.png\" alt=\"irenevilla\" width=\"150\" height=\"150\" srcset=\"https:\/\/www.pacientesatm.com\/wp-content\/uploads\/2014\/05\/irenevilla.png 250w, https:\/\/www.pacientesatm.com\/wp-content\/uploads\/2014\/05\/irenevilla-150x150.png 150w, https:\/\/www.pacientesatm.com\/wp-content\/uploads\/2014\/05\/irenevilla-100x100.png 100w, https:\/\/www.pacientesatm.com\/wp-content\/uploads\/2014\/05\/irenevilla-200x200.png 200w\" sizes=\"auto, (max-width: 150px) 100vw, 150px\" \/><\/td>\n<td style=\"vertical-align: top;\">\u00a0<strong>Irene Villa<\/strong>,\u00a0perdi\u00f3 las dos piernas en un atentado de ETA siendo apenas una ni\u00f1a. Siempre dispuesta a salir adelante\u2026 Se gradu\u00f3 en Comunicaci\u00f3n Audiovisual y Psicolog\u00eda y se inici\u00f3 en la pr\u00e1ctica de varias disciplinas deportivas. Actualmente, trabaja como periodista para distintos diarios y emisoras. Su esfuerzo y esp\u00edritu de superaci\u00f3n son un ejemplo a seguir. Es madre de tres hijos\u00a0y siempre mira hacia delante con una cualidad especial\u2026 La de saber perdonar. Todo un EJEMPLO para la naturaleza humana!!!!!<\/td>\n<\/tr>\n<\/tbody>\n<\/table>\n<p>Para formar parte de nuestro equipo de voluntarios ponte en contacto con nosotros a trav\u00e9s de nuestro correo electr\u00f3nico:\u00a0<a href=\"mailto:aepa@pacientesatm.com\">aepa@pacientesatm.com<\/a><\/p>\n<p>Adjunta tu CV y com\u00e9ntanos tu disponibilidad de tiempo en horario de ma\u00f1ana o tarde. Los puestos de la Asociaci\u00f3n son todos voluntarios sin \u00e1nimo de lucro. No son retribuidos. Puedes dedicarle una hora o varias de tu tiempo. No hay un m\u00ednimo ni un m\u00e1ximo de horas.<\/p>\n<p>Proyectos para los que necesitamos gente:<\/p>\n<ol>\n<li>Para el\u00a0<span style=\"text-decoration: underline;\"><strong>Programa \u201cDe la Mano\u201d<\/strong><\/span>\u00a0los voluntarios pueden acompa\u00f1ar a los especialistas a algunos de los pacientes que no puedan valerse por s\u00ed mismos.<\/li>\n<li>Para el\u00a0<span style=\"text-decoration: underline;\"><strong>Programa \u201cRegala una Sonrisa\u201d<\/strong><\/span>.<\/li>\n<li>Traducci\u00f3n de art\u00edculos de ingles a espa\u00f1ol y a la inversa.<\/li>\n<li>Voluntarios para el Departamento de Prensa.<\/li>\n<\/ol>\n<p>La Junta Directiva eval\u00faa todas las candidaturas. Si lo necesitas, podemos certificar tu voluntariado y describir tus actividades. Las acciones que hay que hacer son muchas y diversas. \u00a1Ponte en acci\u00f3n!<\/p>\n","protected":false},"excerpt":{"rendered":"<p>\u00bfQui\u00e9nes nos inspiran para seguir luchando por los dem\u00e1s? La pregunta no es por qu\u00e9 te ha pasado esto, sino PARA QU\u00c9? Stephen Hawking\u00a0fue un f\u00edsico, cosm\u00f3logo y divulgador cient\u00edfico nacido en Oxford. Sus teor\u00edas cient\u00edficas han revolucionado la ciencia<span class=\"ellipsis\">&hellip;<\/span><\/p>\n<div class=\"read-more\"><a href=\"https:\/\/www.pacientesatm.com\/?page_id=73\">Leer m\u00e1s \u203a<\/a><\/div>\n<p><!-- end of .read-more --><\/p>\n","protected":false},"author":3,"featured_media":0,"parent":0,"menu_order":0,"comment_status":"closed","ping_status":"closed","template":"","meta":{"footnotes":""},"class_list":["post-73","page","type-page","status-publish","hentry"],"yoast_head":"<!-- This site is optimized with the Yoast SEO plugin v21.1 - https:\/\/yoast.com\/wordpress\/plugins\/seo\/ -->\n<title>Motivaci\u00f3n - Asociaci\u00f3n Espa\u00f1ola de Pacientes con Dolor Neurop\u00e1tico<\/title>\n<meta name=\"description\" content=\"Asociaci\u00f3n Espa\u00f1ola de Pacientes con Dolor. Nuestros cl\u00ednicos y sanitarios ayudan a las personas que sufren dolor cr\u00f3nico. Desde el 2006, nuestro equipo est\u00e1 colaborando con todos los pacientes que sufren dolor\" \/>\n<meta name=\"robots\" content=\"index, follow, max-snippet:-1, max-image-preview:large, max-video-preview:-1\" \/>\n<link rel=\"canonical\" href=\"https:\/\/www.pacientesatm.com\/?page_id=73\" \/>\n<meta property=\"og:locale\" content=\"es_ES\" \/>\n<meta property=\"og:type\" content=\"article\" \/>\n<meta property=\"og:title\" content=\"Motivaci\u00f3n - Asociaci\u00f3n Espa\u00f1ola de Pacientes con Dolor Neurop\u00e1tico\" \/>\n<meta property=\"og:description\" content=\"Asociaci\u00f3n Espa\u00f1ola de Pacientes con Dolor. Nuestros cl\u00ednicos y sanitarios ayudan a las personas que sufren dolor cr\u00f3nico. Desde el 2006, nuestro equipo est\u00e1 colaborando con todos los pacientes que sufren dolor\" \/>\n<meta property=\"og:url\" content=\"https:\/\/www.pacientesatm.com\/?page_id=73\" \/>\n<meta property=\"og:site_name\" content=\"Asociaci\u00f3n Espa\u00f1ola de Pacientes con Dolor Neurop\u00e1tico\" \/>\n<meta property=\"article:publisher\" content=\"https:\/\/www.facebook.com\/dolorneuropatico\" \/>\n<meta property=\"article:modified_time\" content=\"2019-04-19T20:02:17+00:00\" \/>\n<meta property=\"og:image\" content=\"http:\/\/www.pacientesatm.com\/wp-content\/uploads\/2014\/05\/Stephen-Hawking.png\" \/>\n<meta name=\"twitter:card\" content=\"summary_large_image\" \/>\n<meta name=\"twitter:site\" content=\"@AlianzaDolor\" \/>\n<meta name=\"twitter:label1\" content=\"Tiempo de lectura\" \/>\n\t<meta name=\"twitter:data1\" content=\"3 minutos\" \/>\n<script type=\"application\/ld+json\" class=\"yoast-schema-graph\">{\"@context\":\"https:\/\/schema.org\",\"@graph\":[{\"@type\":\"NewsArticle\",\"@id\":\"https:\/\/www.pacientesatm.com\/?page_id=73#article\",\"isPartOf\":{\"@id\":\"https:\/\/www.pacientesatm.com\/?page_id=73\"},\"author\":{\"name\":\"Ignacio del Rio\",\"@id\":\"https:\/\/www.pacientesatm.com\/#\/schema\/person\/b2abb3172d8c79abb77ae65f95c64582\"},\"headline\":\"Motivaci\u00f3n\",\"datePublished\":\"2014-05-18T14:22:37+00:00\",\"dateModified\":\"2019-04-19T20:02:17+00:00\",\"mainEntityOfPage\":{\"@id\":\"https:\/\/www.pacientesatm.com\/?page_id=73\"},\"wordCount\":547,\"publisher\":{\"@id\":\"https:\/\/www.pacientesatm.com\/#organization\"},\"inLanguage\":\"es\"},{\"@type\":[\"WebPage\",\"MedicalWebPage\"],\"@id\":\"https:\/\/www.pacientesatm.com\/?page_id=73\",\"url\":\"https:\/\/www.pacientesatm.com\/?page_id=73\",\"name\":\"Motivaci\u00f3n - Asociaci\u00f3n Espa\u00f1ola de Pacientes con Dolor Neurop\u00e1tico\",\"isPartOf\":{\"@id\":\"https:\/\/www.pacientesatm.com\/#website\"},\"datePublished\":\"2014-05-18T14:22:37+00:00\",\"dateModified\":\"2019-04-19T20:02:17+00:00\",\"description\":\"Asociaci\u00f3n Espa\u00f1ola de Pacientes con Dolor. Nuestros cl\u00ednicos y sanitarios ayudan a las personas que sufren dolor cr\u00f3nico. Desde el 2006, nuestro equipo est\u00e1 colaborando con todos los pacientes que sufren dolor\",\"breadcrumb\":{\"@id\":\"https:\/\/www.pacientesatm.com\/?page_id=73#breadcrumb\"},\"inLanguage\":\"es\",\"potentialAction\":[{\"@type\":\"ReadAction\",\"target\":[\"https:\/\/www.pacientesatm.com\/?page_id=73\"]}]},{\"@type\":\"BreadcrumbList\",\"@id\":\"https:\/\/www.pacientesatm.com\/?page_id=73#breadcrumb\",\"itemListElement\":[{\"@type\":\"ListItem\",\"position\":1,\"name\":\"Portada\",\"item\":\"https:\/\/www.pacientesatm.com\/\"},{\"@type\":\"ListItem\",\"position\":2,\"name\":\"Motivaci\u00f3n\"}]},{\"@type\":\"WebSite\",\"@id\":\"https:\/\/www.pacientesatm.com\/#website\",\"url\":\"https:\/\/www.pacientesatm.com\/\",\"name\":\"Asociaci\u00f3n Espa\u00f1ola de Pacientes con Dolor Trig\u00e9mino\",\"description\":\"Asociaci\u00f3n Espa\u00f1ola de Pacientes con Dolor Neuropatico, Dolor Cronico y Neuralgia del Trig\u00e9mino\",\"publisher\":{\"@id\":\"https:\/\/www.pacientesatm.com\/#organization\"},\"alternateName\":\"Alianza Contra el Dolor\",\"potentialAction\":[{\"@type\":\"SearchAction\",\"target\":{\"@type\":\"EntryPoint\",\"urlTemplate\":\"https:\/\/www.pacientesatm.com\/?s={search_term_string}\"},\"query-input\":\"required name=search_term_string\"}],\"inLanguage\":\"es\"},{\"@type\":\"Organization\",\"@id\":\"https:\/\/www.pacientesatm.com\/#organization\",\"name\":\"Alianza Contra el Dolor\",\"alternateName\":\"Alianza Contra el Dolor\",\"url\":\"https:\/\/www.pacientesatm.com\/\",\"logo\":{\"@type\":\"ImageObject\",\"inLanguage\":\"es\",\"@id\":\"https:\/\/www.pacientesatm.com\/#\/schema\/logo\/image\/\",\"url\":\"https:\/\/www.pacientesatm.com\/wp-content\/uploads\/2022\/10\/Logo_alianzadolor2022_fondotransparente.png\",\"contentUrl\":\"https:\/\/www.pacientesatm.com\/wp-content\/uploads\/2022\/10\/Logo_alianzadolor2022_fondotransparente.png\",\"width\":709,\"height\":709,\"caption\":\"Alianza Contra el Dolor\"},\"image\":{\"@id\":\"https:\/\/www.pacientesatm.com\/#\/schema\/logo\/image\/\"},\"sameAs\":[\"https:\/\/www.facebook.com\/dolorneuropatico\",\"https:\/\/twitter.com\/AlianzaDolor\",\"https:\/\/www.instagram.com\/alianzacontraeldolor\",\"https:\/\/www.youtube.com\/Alianzacontraeldolor\",\"https:\/\/www.linkedin.com\/company\/alianza-contra-el-dolor\/\"]},{\"@type\":\"Person\",\"@id\":\"https:\/\/www.pacientesatm.com\/#\/schema\/person\/b2abb3172d8c79abb77ae65f95c64582\",\"name\":\"Ignacio del Rio\",\"image\":{\"@type\":\"ImageObject\",\"inLanguage\":\"es\",\"@id\":\"https:\/\/www.pacientesatm.com\/#\/schema\/person\/image\/\",\"url\":\"https:\/\/secure.gravatar.com\/avatar\/63d1fa88871c7590b4875c08cc5a5de2663b014c4e5bda3333bb9fb69bb27b0a?s=96&d=mm&r=g\",\"contentUrl\":\"https:\/\/secure.gravatar.com\/avatar\/63d1fa88871c7590b4875c08cc5a5de2663b014c4e5bda3333bb9fb69bb27b0a?s=96&d=mm&r=g\",\"caption\":\"Ignacio del Rio\"},\"url\":\"https:\/\/www.pacientesatm.com\/?author=3\"}]}<\/script>\n<!-- \/ Yoast SEO plugin. -->","yoast_head_json":{"title":"Motivaci\u00f3n - Asociaci\u00f3n Espa\u00f1ola de Pacientes con Dolor Neurop\u00e1tico","description":"Asociaci\u00f3n Espa\u00f1ola de Pacientes con Dolor. Nuestros cl\u00ednicos y sanitarios ayudan a las personas que sufren dolor cr\u00f3nico. Desde el 2006, nuestro equipo est\u00e1 colaborando con todos los pacientes que sufren dolor","robots":{"index":"index","follow":"follow","max-snippet":"max-snippet:-1","max-image-preview":"max-image-preview:large","max-video-preview":"max-video-preview:-1"},"canonical":"https:\/\/www.pacientesatm.com\/?page_id=73","og_locale":"es_ES","og_type":"article","og_title":"Motivaci\u00f3n - Asociaci\u00f3n Espa\u00f1ola de Pacientes con Dolor Neurop\u00e1tico","og_description":"Asociaci\u00f3n Espa\u00f1ola de Pacientes con Dolor. Nuestros cl\u00ednicos y sanitarios ayudan a las personas que sufren dolor cr\u00f3nico. Desde el 2006, nuestro equipo est\u00e1 colaborando con todos los pacientes que sufren dolor","og_url":"https:\/\/www.pacientesatm.com\/?page_id=73","og_site_name":"Asociaci\u00f3n Espa\u00f1ola de Pacientes con Dolor Neurop\u00e1tico","article_publisher":"https:\/\/www.facebook.com\/dolorneuropatico","article_modified_time":"2019-04-19T20:02:17+00:00","og_image":[{"url":"http:\/\/www.pacientesatm.com\/wp-content\/uploads\/2014\/05\/Stephen-Hawking.png"}],"twitter_card":"summary_large_image","twitter_site":"@AlianzaDolor","twitter_misc":{"Tiempo de lectura":"3 minutos"},"schema":{"@context":"https:\/\/schema.org","@graph":[{"@type":"NewsArticle","@id":"https:\/\/www.pacientesatm.com\/?page_id=73#article","isPartOf":{"@id":"https:\/\/www.pacientesatm.com\/?page_id=73"},"author":{"name":"Ignacio del Rio","@id":"https:\/\/www.pacientesatm.com\/#\/schema\/person\/b2abb3172d8c79abb77ae65f95c64582"},"headline":"Motivaci\u00f3n","datePublished":"2014-05-18T14:22:37+00:00","dateModified":"2019-04-19T20:02:17+00:00","mainEntityOfPage":{"@id":"https:\/\/www.pacientesatm.com\/?page_id=73"},"wordCount":547,"publisher":{"@id":"https:\/\/www.pacientesatm.com\/#organization"},"inLanguage":"es"},{"@type":["WebPage","MedicalWebPage"],"@id":"https:\/\/www.pacientesatm.com\/?page_id=73","url":"https:\/\/www.pacientesatm.com\/?page_id=73","name":"Motivaci\u00f3n - Asociaci\u00f3n Espa\u00f1ola de Pacientes con Dolor Neurop\u00e1tico","isPartOf":{"@id":"https:\/\/www.pacientesatm.com\/#website"},"datePublished":"2014-05-18T14:22:37+00:00","dateModified":"2019-04-19T20:02:17+00:00","description":"Asociaci\u00f3n Espa\u00f1ola de Pacientes con Dolor. Nuestros cl\u00ednicos y sanitarios ayudan a las personas que sufren dolor cr\u00f3nico. Desde el 2006, nuestro equipo est\u00e1 colaborando con todos los pacientes que sufren dolor","breadcrumb":{"@id":"https:\/\/www.pacientesatm.com\/?page_id=73#breadcrumb"},"inLanguage":"es","potentialAction":[{"@type":"ReadAction","target":["https:\/\/www.pacientesatm.com\/?page_id=73"]}]},{"@type":"BreadcrumbList","@id":"https:\/\/www.pacientesatm.com\/?page_id=73#breadcrumb","itemListElement":[{"@type":"ListItem","position":1,"name":"Portada","item":"https:\/\/www.pacientesatm.com\/"},{"@type":"ListItem","position":2,"name":"Motivaci\u00f3n"}]},{"@type":"WebSite","@id":"https:\/\/www.pacientesatm.com\/#website","url":"https:\/\/www.pacientesatm.com\/","name":"Asociaci\u00f3n Espa\u00f1ola de Pacientes con Dolor Trig\u00e9mino","description":"Asociaci\u00f3n Espa\u00f1ola de Pacientes con Dolor Neuropatico, Dolor Cronico y Neuralgia del Trig\u00e9mino","publisher":{"@id":"https:\/\/www.pacientesatm.com\/#organization"},"alternateName":"Alianza Contra el Dolor","potentialAction":[{"@type":"SearchAction","target":{"@type":"EntryPoint","urlTemplate":"https:\/\/www.pacientesatm.com\/?s={search_term_string}"},"query-input":"required name=search_term_string"}],"inLanguage":"es"},{"@type":"Organization","@id":"https:\/\/www.pacientesatm.com\/#organization","name":"Alianza Contra el Dolor","alternateName":"Alianza Contra el Dolor","url":"https:\/\/www.pacientesatm.com\/","logo":{"@type":"ImageObject","inLanguage":"es","@id":"https:\/\/www.pacientesatm.com\/#\/schema\/logo\/image\/","url":"https:\/\/www.pacientesatm.com\/wp-content\/uploads\/2022\/10\/Logo_alianzadolor2022_fondotransparente.png","contentUrl":"https:\/\/www.pacientesatm.com\/wp-content\/uploads\/2022\/10\/Logo_alianzadolor2022_fondotransparente.png","width":709,"height":709,"caption":"Alianza Contra el Dolor"},"image":{"@id":"https:\/\/www.pacientesatm.com\/#\/schema\/logo\/image\/"},"sameAs":["https:\/\/www.facebook.com\/dolorneuropatico","https:\/\/twitter.com\/AlianzaDolor","https:\/\/www.instagram.com\/alianzacontraeldolor","https:\/\/www.youtube.com\/Alianzacontraeldolor","https:\/\/www.linkedin.com\/company\/alianza-contra-el-dolor\/"]},{"@type":"Person","@id":"https:\/\/www.pacientesatm.com\/#\/schema\/person\/b2abb3172d8c79abb77ae65f95c64582","name":"Ignacio del Rio","image":{"@type":"ImageObject","inLanguage":"es","@id":"https:\/\/www.pacientesatm.com\/#\/schema\/person\/image\/","url":"https:\/\/secure.gravatar.com\/avatar\/63d1fa88871c7590b4875c08cc5a5de2663b014c4e5bda3333bb9fb69bb27b0a?s=96&d=mm&r=g","contentUrl":"https:\/\/secure.gravatar.com\/avatar\/63d1fa88871c7590b4875c08cc5a5de2663b014c4e5bda3333bb9fb69bb27b0a?s=96&d=mm&r=g","caption":"Ignacio del Rio"},"url":"https:\/\/www.pacientesatm.com\/?author=3"}]}},"_links":{"self":[{"href":"https:\/\/www.pacientesatm.com\/index.php?rest_route=\/wp\/v2\/pages\/73","targetHints":{"allow":["GET"]}}],"collection":[{"href":"https:\/\/www.pacientesatm.com\/index.php?rest_route=\/wp\/v2\/pages"}],"about":[{"href":"https:\/\/www.pacientesatm.com\/index.php?rest_route=\/wp\/v2\/types\/page"}],"author":[{"embeddable":true,"href":"https:\/\/www.pacientesatm.com\/index.php?rest_route=\/wp\/v2\/users\/3"}],"replies":[{"embeddable":true,"href":"https:\/\/www.pacientesatm.com\/index.php?rest_route=%2Fwp%2Fv2%2Fcomments&post=73"}],"version-history":[{"count":10,"href":"https:\/\/www.pacientesatm.com\/index.php?rest_route=\/wp\/v2\/pages\/73\/revisions"}],"predecessor-version":[{"id":1352,"href":"https:\/\/www.pacientesatm.com\/index.php?rest_route=\/wp\/v2\/pages\/73\/revisions\/1352"}],"wp:attachment":[{"href":"https:\/\/www.pacientesatm.com\/index.php?rest_route=%2Fwp%2Fv2%2Fmedia&parent=73"}],"curies":[{"name":"wp","href":"https:\/\/api.w.org\/{rel}","templated":true}]}}